base 16.
-67a
1011110000010 (base 2) to base 4
1132002
Convert -2041440 (base 5) to base 11.
-235a5
2446 (base 9) to base 8
3440
Convert 111100 (base 6) to base 4.
2101230
Convert 734 (base 16) to base 2.
11100110100
Convert -2db6 (base 14) to base 9.
-12216
4204 (base 7) to base 9
2017
Convert 374 (base 10) to base 3.
111212
-1021110 (base 3) to base 10
-930
What is 3465 (base 11) in base 16?
11c4
Convert -27c (base 13) to base 15.
-1e6
What is 616 (base 11) in base 9?
1015
Convert -20232 (base 4) to base 6.
-2330
Convert -220020 (base 3) to base 10.
-654
What is -112222 (base 3) in base 11?
-338
Convert -35758 (base 9) to base 11.
-16aa1
What is -10011100011 (base 2) in base 14?
-655
4320 (base 6) to base 9
1313
Convert -24034 (base 9) to base 11.
-11089
5633 (base 8) to base 16
b9b
What is 9a29 (base 12) in base 5?
1021100
3a (base 13) to base 3
1211
-1000110011011 (base 2) to base 10
-4507
What is -216 (base 12) in base 6?
-1230
Convert 188a (base 12) to base 5.
43421
Convert -d514 (base 16) to base 12.
-27698
What is -21002 (base 3) in base 12?
-13b
2825 (base 11) to base 3
12000110
What is -82d (base 14) in base 7?
-4456
-434110 (base 5) to base 6
-153001
12023 (base 6) to base 12
1013
a8 (base 16) to base 5
1133
What is 16110 (base 8) in base 11?
5492
What is -2083 (base 9) in base 13?
-90c
Convert -209 (base 12) to base 9.
-360
Convert -1101221120 (base 3) to base 15.
-82e3
Convert -2a12 (base 16) to base 7.
-43254
-101111100 (base 2) to base 8
-574
11122112 (base 3) to base 13
1709
What is -5159 (base 12) in base 10?
-8853
What is -7676 (base 12) in base 16?
-32fa
What is 53c (base 13) in base 12?
628
What is 1011010111001 (base 2) in base 10?
5817
Convert 1120121121 (base 3) to base 14.
b470
-8657 (base 9) to base 4
-1203202
32 (base 5) to base 15
12
Convert 1484 (base 11) to base 5.
30112
275 (base 13) to base 7
1160
What is 410402 (base 5) in base 9?
20126
Convert 5e9 (base 16) to base 12.
a61
What is -40530 (base 7) in base 9?
-14476
What is -c0 (base 16) in base 15?
-cc
What is 3397 (base 13) in base 14?
28bc
What is 321 (base 5) in base 4?
1112
What is 12679 (base 10) in base 6?
134411
-492 (base 10) to base 7
-1302
What is 1 (base 6) in base 12?
1
-21 (base 5) to base 14
-b
What is -1502 (base 7) in base 3?
-210212
-b31 (base 14) to base 8
-4227
What is -10121201112 (base 3) in base 9?
-117645
354 (base 6) to base 5
1032
Convert -100010101 (base 2) to base 11.
-232
-a4f (base 16) to base 8
-5117
Convert 425404 (base 7) to base 15.
16d9a
10 (base 6) to base 4
12
What is -164605 (base 7) in base 2?
-1000000001110100
Convert -2230 (base 9) to base 10.
-1647
-10012011 (base 3) to base 5
-33301
-4215 (base 10) to base 8
-10167
3952 (base 12) to base 4
1212032
What is 7524 (base 8) in base 15?
1269
What is -136 (base 7) in base 14?
-56
-122011 (base 6) to base 3
-112211021
Convert 11 (base 10) to base 13.
b
Convert -484 (base 11) to base 16.
-240
-100100000010 (base 2) to base 7
-6503
-240301 (base 5) to base 12
-5136
2072 (base 8) to base 13
653
Convert 23020 (base 4) to base 14.
38c
What is eca (base 16) in base 7?
14016
-1212010 (base 3) to base 8
-2511
Convert 52619 (base 10) to base 15.
108ce
1b5d (base 16) to base 10
7005
Convert 128 (base 13) to base 2.
11001011
What is 303 (base 5) in base 10?
78
What is 1721 (base 8) in base 4?
33101
What is -55777 (base 8) in base 9?
-35267
Convert -91 (base 11) to base 4.
-1210
22 (base 15) to base 11
2a
What is -132c (base 15) in base 10?
-4092
What is 3332 (base 5) in base 2?
111010011
What is -11212 (base 3) in base 7?
-245
Convert 231232 (base 4) to base 3.
11000101
Convert -11a80 (base 13) to base 8.
-77450
b3c (base 15) to base 11
19a2
-42378 (base 9) to base 3
-1102102122
Convert 1175 (base 8) to base 3.
212121
2120133 (base 4) to base 13
4599
Convert 77 (base 9) to base 4.
1012
Convert 7c7 (base 14) to base 13.
920
What is -20010333 (base 4) in base 12?
-17193
Convert 22201 (base 3) to base 10.
235
Convert -11343 (base 5) to base 12.
-5a8
-545a (base 15) to base 11
-12467
112112 (base 3) to base 5
3032
Convert 427 (base 8) to base 9.
340
389d (base 14) to base 10
9939
Convert -111335 (base 8) to base 14.
-d9b7
-a5b7 (base 16) to base 2
-1010010110110111
101021 (base 4) to base 15
4d2
What is -194 (base 12) in base 10?
-256
What is 12533 (base 14) in base 10?
44929
Convert -24010 (base 8) to base 6.
-115240
Convert 3302 (base 5) to base 11.
381
59c (base 14) to base 6
5102
Convert -2580 (base 16) to base 3.
-111011120
Convert -132120 (base 4) to base 9.
-2600
Convert 592 (base 12) to base 15.
3a5
Convert -13223 (base 4) to base 8.
-753
Convert -1331120 (base 4) to base 8.
-17530
What is -a93 (base 16) in base 8?
-5223
What is -a11 (base 14) in base 5?
-30400
-334133 (base 6) to base 9
-42533
What is 1221313 (base 4) in base 14?
267d
-845 (base 9) to base 4
-22301
Convert -34883 (base 9) to base 2.
-101101100011010
-100111100 (base 3) to base 8
-15411
Convert -1a40 (base 13) to base 9.
-5356
d61 (base 14) to base 11
1a84
Convert 483 (base 11) to base 3.
210022
-3302301 (base 5) to base 3
-2212121102
What is 1148 (base 10) in base 13?
6a4
What is -2a71 (base 12) in base 13?
-2362
Convert -a17 (base 11) to base 2.
-10011001100
Convert 621 (base 15) to base 7.
4012
What is 1c47 (base 16) in base 6?
53303
What is -3115 (base 6) in base 11?
-582
Convert -10a0 (base 11) to base 7.
-4126
Convert -2cd (base 15) to base 7.
-1606
What is 13330 (base 5) in base 10?
1090
Convert -a3 (base 11) to base 16.
-71
-d1a (base 16) to base 4
-310122
What is 6617 (base 10) in base 9?
10062
201120010 (base 3) to base 11
a793
What is 413034 (base 6) in base 5?
2024240
Convert 218 (base 9) to base 6.
455
What is 11033 (base 5) in base 9?
1043
What is 135611 (base 7) in base 6?
320255
What is -15326 (base 7) in base 6?
-31455
What is -4a5 (base 15) in base 14?
-555
What is -1eb (base 16) in base 11?
-407
Convert 5b94 (base 13) to base 16.
32a5
What is 906 (base 15) in base 5?
31111
What is 20011 (base 7) in base 14?
1a78
What is 9a6 (base 15) in base 3?
2222210
-96 (base 16) to base 8
-226
Convert -1010010001100011 (base 2) to base 3.
-2010201122
-9341 (base 11) to base 16
-3063
Convert 4519 (base 10) to base 4.
1012213
Convert -563 (base 12) to base 4.
-30123
What is 121201 (base 3) in base 4?
13003
-284 (base 10) to base 13
-18b
Convert 573 (base 14) to base 16.
439
What is 6155 (base 10) in base 8?
14013
What is -1100001110 (base 2) in base 16?
-30e
1101122 (base 3) to base 12
708
What is 1664 (base 11) in base 3?
2220210
-111000100100101 (base 2) to base 15
-88b0
What is 21102 (base 4) in base 10?
594
Convert -255 (base 12) to base 8.
-541
Convert 14647 (base 8) to base 14.
2571
What is -13c (base 15) in base 5?
-2112
-509d (base 16) to base 15
-61ac
Convert -1110011000100011 (base 2) to base 3.
-2222211001
Convert -16134 (base 9) to base 2.
-10101100100111
Convert b203 (base 12) to base 3.
222110210
What is -1022 (base 3) in base 2?
-100011
2728 (base 12) to base 9
6145
Convert 1111212022 (base 3) to base 10.
29789
Convert -13ad (base 15) to base 16.
-1075
1012101 (base 4) to base 7
16053
Convert 137 (base 11) to base 3.
12222
-498 (base 10) to base 7
-1311
Convert 3211 (base 5) to base 13.
272
What is 2112111 (base 3) in base 15?
834
Convert -13205 (base 10) to base 9.
-20102
-44465 (base 8) to base 4
-10210311
Convert 379 (base 13) to base 4.
21133
Convert 21102 (base 3) to base 16.
c8
What is -521 (base 8) in base 12?
-241
Convert -16326 (base 14) to base 16.
-d8ce
-87 (base 11) to base 8
-137
Convert 6b85 (base 13) to base 12.
8926
What is -10111211 (base 4) in base 16?
-4565
Convert 1a6 (base 16) to base 12.
2b2
Convert 1032043 (base 6) to base 4.
30130323
-3073 (base 10) to base 5
-44243
What is -2225 (base 6) in base 3?
-201022
-32 (base 15) to base 5
-142
942c (base 14) to base 13
b801
Convert 10000000001 (base 2) to base 16.
401
Convert 185 (base 15) to base 4.
11132
Convert -22123 (base 6) to base 10.
-3075
21113 (base 4) to base 11
4a5
Convert 339e (base 15) to base 3.
120000112
Convert -1253 (base 9) to base 16.
-3ab
What is a2 (base 13) in base 2?
10000100
1010111011011 (base 2) to base 12
32a3
Convert -2100313 (base 4) to base 11.
-6a69
Convert 9b60 (base 12) to base 2.
100001100111000